 l(j) = -5*j - 10. Let f be l(-7). Let p(o) = 2*o - 10. Let c be p(10). Calculate the greatest common factor of c and f.
5
Suppose 18 = j - 5*v, -2*j + 4*v + 76 - 28 = 0. Let w = 58 - j. What is the greatest common factor of 330 and w?
30
Let o(v) = v**2 + 7*v + 5. Let a be o(-6). Let s = 1 - a. Suppose s*x - 4 = -0*x. What is the highest common factor of 6 and x?
2
Let r be (20 + -6)/((-2)/(-4)). Suppose r = -0*j + 2*j. Calculate the highest common factor of j and 112.
14
Let j(c) = c - 1. Let x be j(16). What is the highest common factor of x and 3?
3
Suppose -21 = 5*h + 14. Let n be (-1 - h)*5/2. Calculate the greatest common divisor of n and 5.
5
Suppose 0*j - 27 = -3*j. Let t be ((-2)/18)/((-1)/6)*54. What is the highest common factor of t and j?
9
Let f(m) = -18*m - 4. Let o be f(4). Let h = 102 + -143. Let z = h - o. What is the highest common factor of z and 7?
7
Let j(c) = -c + 20. Let a be j(10). Suppose 5*g + 5*z = a, -4*z = -4*g - 2*z + 32. What is the highest common factor of g and 12?
6
Suppose 0 = -3*v - v - 4*z + 80, -5*v = 2*z - 94. Calculate the highest common divisor of 12 and v.
6
Suppose 0*g = -3*g. Suppose -2*l + l + 28 = g. Calculate the greatest common divisor of l and 56.
28
Suppose 3*h = -0*h + 138. Calculate the greatest common factor of h and 115.
23
Let f(u) = u**2 + 2*u - 3. Let d be f(-4). Suppose -4*r = -d*i - 15 - 9, 2*r + 4*i + 14 = 0. Calculate the highest common factor of 1 and r.
1
Let k = 15 - -27. Calculate the highest common divisor of 210 and k.
42
Let m be (0 - 3 - -2)*0. Suppose 0 = 3*b - 5*h - 34, -b + 5*h = -m*h - 28. Calculate the highest common factor of b and 3.
3
Suppose 5*c = -0*c + 1420. Suppose -6*a = -c + 68. What is the greatest common divisor of 54 and a?
18
Let j be 2/11 - (-2761)/121. What is the highest common factor of j and 92?
23
Suppose -2*w - 11 = -3*w. What is the greatest common factor of 33 and w?
11
Let f(c) = c**2 - 4*c + 3. Let t = 0 + 3. Let a be f(t). Suppose a = 4*k - 33 + 1. What is the greatest common factor of k and 88?
8
Let w be (10/25)/((-1)/(-30)). Let m be (126/(-27))/((-1)/w). What is the highest common factor of 8 and m?
8
Let b(d) = -2*d**3 - d**2 + 2*d + 1. Let r be b(-2). Let o be ((-9)/4)/(6/(-96)). Calculate the highest common divisor of o and r.
9
Let g(k) = -k**2 + k + 342. Let y be g(0). What is the greatest common factor of 38 and y?
38
Let j(p) = -5*p**2 + 1. Let i be j(1). Let g be (22/i)/(1/(-2)). What is the highest common factor of g and 33?
11
Suppose -x - 5*p + 13 = -8*p, 4*x + 3*p = 37. Calculate the highest common factor of x and 12.
2
Let k = -125 - -143. Calculate the greatest common factor of 54 and k.
18
Let y = 27 - 10. What is the highest common divisor of y and 51?
17
Suppose 5*v = 9 + 21. Let h be (14/(-35))/((-1)/5). Suppose h*x = 7*x - 30. What is the highest common factor of v and x?
6
Let r(b) = -b**2 - 1. Let s be r(0). Let y = s - -2. Calculate the greatest common factor of 9 and y.
1
Let n(h) = h**2 - 8*h + 11. Let y be n(7). Calculate the highest common factor of y and 32.
4
Let t = 0 + 7. Let p(v) = 7*v**2 + 5*v + 1 - 2*v**3 + v**3 + 0*v. Let u be p(t). What is the highest common factor of 18 and u?
18
Let p = 4 - -1. Suppose 5*l = p*g + 650, -3*g = -5*l + 533 + 111. Suppose 3*j + 75 = f + 2*f, -4*f - 5*j = -l. What is the greatest common factor of 42 and f?
14
Let l(x) = -18 - 6*x**2 - 11*x + 18 + x**3. Let i(n) = -n**3 - 2*n**2 + n + 2. Let p be i(-3). Let q be l(p). Calculate the highest common factor of q and 5.
5
Suppose 180 = 5*x - 5*k, -3*x = 2*k - 39 - 69. Let s(i) = 12*i**3 - i**2. Let z be s(-1). Let q = z - -22. Calculate the greatest common divisor of x and q.
9
Suppose -4*a - a - c = -2935, -5*c - 2377 = -4*a. Suppose 345 + a = 5*j - 3*o, -555 = -3*j + 3*o. Calculate the highest common factor of 21 and j.
21
Let n be 1 + (3 + 0)*3. Let w = 30 - n. What is the highest common divisor of 50 and w?
10
Let z = -27 - -102. What is the highest common factor of z and 15?
15
Let p = 34 + -17. Let v be 0 + (-4)/2 + p. Let z(w) = w**3 + 5*w**2 - 4*w - 5. Let s be z(-5). Calculate the greatest common divisor of v and s.
15
Suppose 5 = 3*w - 10. Suppose 0 = -3*s + w*v + 22, -4*s - v = -4*v - 11. Let a be 20 + 4 + s - -1. What is the greatest common factor of 12 and a?
12
Let n(o) = -12*o**2 + o + 1. Let r be n(-1). Let z = r - -21. Calculate the highest common divisor of z and 63.
9
Let a = 17 + -8. Let p be (-2 + 5)/(3/a). What is the highest common factor of p and 72?
9
Let h(z) = 3*z**2 - 9*z - 8. Let y be h(-6). What is the greatest common factor of 22 and y?
22
Let t(k) = -21*k + 1. Let n be t(-1). Suppose 3*y + 2 = l + 6, y + 2 = 2*l. Suppose 28 = y*c + 6. What is the highest common factor of n and c?
11
Let k = 12 + -12. Suppose -2*w - 4*p = w - 54, k = 4*w - 2*p - 50. Calculate the greatest common divisor of w and 70.
14
Let l be ((12*-1)/3)/(6/(-15)). Calculate the greatest common factor of 25 and l.
5
Let z = 16 + -6. Suppose a = 5*k - 405, 5*k - 395 = -0*k - a. Calculate the greatest common divisor of k and z.
10
Let f(j) = -20*j**2 - 1. Let r be f(-1). Let a = r + 41. What is the highest common divisor of a and 60?
20
Let m(z) be the second derivative of z**5/20 + z**4/2 - z**3/3 - 6*z**2 - 7*z. Let j be m(-5). Calculate the greatest common factor of 253 and j.
23
Let u = 172 + -160. Calculate the highest common divisor of u and 204.
12
Let a(x) = -x**2 - 7*x - 12. Let o be a(-9). Let b be ((-4)/(-10))/((-1)/o). Suppose -v = -3*v + b. What is the highest common divisor of v and 42?
6
Suppose -117 = -12*k + 507. Calculate the greatest common divisor of 130 and k.
26
Let p(v) = -v**3 - 11*v**2 - 11*v - 3. Let s be p(-10). Let m(z) = -5*z. Let a be m(1). Let d = 12 + a. Calculate the highest common divisor of s and d.
7
Let v(r) = -r. Let t be v(-4). Let c be -1 + t/2 + 59. Suppose 0*a = -7*a + 168. What is the highest common divisor of c and a?
12
Suppose -7*y + 46 + 31 = 0. What is the highest common divisor of y and 44?
11
Suppose 8 = -h - 5*d, -3*h - 4*d = 2*h - 44. Calculate the highest common divisor of 8 and h.
4
Suppose 0 = 5*u - 4*d + 7, -4*u = -9*u + 5*d - 10. Let a be (-2)/(-14) + 336/49. What is the highest common factor of a and u?
1
Suppose 0 = u - 16 - 27. Suppose 0 = 2*k - 21 - u. What is the greatest common factor of k and 8?
8
Let g(i) = 5*i**2 - 11*i + 3*i**2 + 4*i + 10 - i**3. Let o be g(7). Let y = -5 - -10. What is the greatest common divisor of o and y?
5
Let q = 26 - -2. Calculate the highest common factor of 28 and q.
28
Let p = -4 + 13. What is the highest common factor of p and 1?
1
Let p = -9 + 9. Suppose -o - 3*t + 134 = p, -4*o - o = 2*t - 709. Calculate the highest common divisor of o and 13.
13
Let s = 69 + -46. Calculate the greatest common divisor of s and 391.
23
Suppose -4*p + 20 = 0, 4*h - 2*p - 8 = 18. Let y = 33 + -24. What is the highest common divisor of y and h?
9
Let y = 4 + -6. Let g be y/(-4) - 5/2. Let x be (26/6)/(g/(-6)). What is the greatest common divisor of x and 52?
13
Let y = 8 + -6. Suppose 27 = k - 4*v - 15, 0 = -y*v. Calculate the greatest common divisor of k and 14.
14
Let x(z) be the second derivative of -2*z**3/3 + z**2 - 5*z. Let g be x(-2). What is the greatest common factor of g and 10?
10
Let o be 39 - (-2 - -1)/(-1). Let k = o + 20. Let s = k - 39. What is the highest common factor of s and 19?
19
Let q(a) = -1. Let m(s) = s + 8. Let l(z) = m(z) + 4*q(z). Let i be l(0). What is the greatest common factor of i and 6?
2
Suppose -4*p - 29 = -5*p - 5*s, -23 = -3*p + s. Calculate the greatest common divisor of p and 9.
9
Let q = 161 + -95. Suppose -3*o = -k + 7 + q, o = -4*k + 279. Let g be (14/6)/(1/6). What is the highest common divisor of k and g?
14
Let a be ((-92)/12)/(3/(-9)). Suppose x + 2*i - 36 = 0, -2*x - 3*i + 31 = -x. Calculate the greatest common divisor of x and a.
23
Suppose 0 = -3*f + 5*d - 321, 3*f + 5*d + 321 = -0*d. Suppose 0 = -4*o + 237 + 491. Let g = f + o. Calculate the greatest common divisor of 30 and g.
15
Let d(m) = -m + 10. Let k be d(6). Suppose 3*j + 2*x = 61, 0*x = -5*j + k*x + 87. Calculate the highest common divisor of j and 95.
19
Let t be 194 + 3/(-5 + 2). Let p = t - 39. What is the highest common factor of p and 14?
14
L